{"id":1673,"date":"2021-06-28T09:38:32","date_gmt":"2021-06-28T09:38:32","guid":{"rendered":"https:\/\/serverbordoni.com\/nuria\/?page_id=1673"},"modified":"2025-05-03T14:55:48","modified_gmt":"2025-05-03T14:55:48","slug":"about-me","status":"publish","type":"page","link":"https:\/\/serverbordoni.com\/nuria\/en\/about-me\/","title":{"rendered":"About me"},"content":{"rendered":"<p>[et_pb_section fb_built=&#8221;1&#8243; _builder_version=&#8221;4.16&#8243; _module_preset=&#8221;default&#8221; custom_padding=&#8221;0px||0px||true|false&#8221; global_colors_info=&#8221;{}&#8221;][et_pb_row _builder_version=&#8221;4.16&#8243; _module_preset=&#8221;default&#8221; width=&#8221;100%&#8221; max_width=&#8221;100%&#8221; custom_padding=&#8221;0px||0px||true|false&#8221; global_colors_info=&#8221;{}&#8221;][et_pb_column type=&#8221;4_4&#8243; _builder_version=&#8221;4.16&#8243; _module_preset=&#8221;default&#8221; global_colors_info=&#8221;{}&#8221;][et_pb_gallery gallery_ids=&#8221;2037,1688,1689&#8243; fullwidth=&#8221;on&#8221; _builder_version=&#8221;4.27.4&#8243; _module_preset=&#8221;default&#8221; auto=&#8221;on&#8221; auto_speed=&#8221;3500&#8243; hover_enabled=&#8221;0&#8243; global_colors_info=&#8221;{}&#8221; sticky_enabled=&#8221;0&#8243;][\/et_pb_gallery][\/et_pb_column][\/et_pb_row][\/et_pb_section][et_pb_section fb_built=&#8221;1&#8243; _builder_version=&#8221;4.16&#8243; _module_preset=&#8221;default&#8221; background_color=&#8221;#FDF8E1&#8243; custom_padding=&#8221;50px||50px||true|false&#8221; global_colors_info=&#8221;{}&#8221;][et_pb_row column_structure=&#8221;1_2,1_2&#8243; use_custom_gutter=&#8221;on&#8221; gutter_width=&#8221;1&#8243; make_equal=&#8221;on&#8221; _builder_version=&#8221;4.16&#8243; _module_preset=&#8221;default&#8221; background_color=&#8221;#FDF8E1&#8243; max_width=&#8221;70%&#8221; custom_padding=&#8221;0px||0px||false|false&#8221; global_colors_info=&#8221;{}&#8221;][et_pb_column type=&#8221;1_2&#8243; _builder_version=&#8221;4.16&#8243; _module_preset=&#8221;default&#8221; custom_padding=&#8221;|15px|||false|false&#8221; border_width_right=&#8221;1px&#8221; global_colors_info=&#8221;{}&#8221;][et_pb_text _builder_version=&#8221;4.16&#8243; _module_preset=&#8221;default&#8221; text_font=&#8221;|300|||||||&#8221; text_font_size=&#8221;16px&#8221; text_orientation=&#8221;justified&#8221; custom_padding=&#8221;25px|25px|25px||false|false&#8221; global_colors_info=&#8221;{}&#8221;]<\/p>\n<p>Dancer, choreographer and dance teacher; Nuria was born in Barcelona, Spain. She studied the modern dance techniques Graham and Limon in Lausanne, Switzerland and continued her training in classical and contemporary dance in France, Lyon and Paris. She worked with the dance company &#8220;Cecil P. Booth,&#8221; directed by Chantal De Launay.<br \/>\nIn 1988 she met an Indian dancer, Savitry Nair, with whom she began her studies of Bharatanatyam. She specializes in this style in Chennai, India, under the guidance of Krishnaveni Lakshmanan, the Art Director of &#8220;Kalakshetra&#8221; Dance Academy. She studied Carnatic music and Nattuvanar (rhythmic music theory) with the famous musician Kamala Rani and continued to learn dance from excellent Bharatanatyam teachers, like C.K. Bala Gopalan, Priyadharshini Govind, C.V. Chandrasekhar and Leela Samson, &#8211; her main mentor today.[\/et_pb_text][\/et_pb_column][et_pb_column type=&#8221;1_2&#8243; _builder_version=&#8221;4.16&#8243; _module_preset=&#8221;default&#8221; custom_padding=&#8221;|||15px|false|false&#8221; global_colors_info=&#8221;{}&#8221;][et_pb_text _builder_version=&#8221;4.16&#8243; _module_preset=&#8221;default&#8221; text_font=&#8221;|300|||||||&#8221; text_font_size=&#8221;16px&#8221; text_orientation=&#8221;justified&#8221; custom_padding=&#8221;25px||25px|25px|true|false&#8221; global_colors_info=&#8221;{}&#8221;]<\/p>\n<p> At the same time the study of contemporary dance with Fran\u00e7oise and Dominique Dupuy gives her new tools for her creative work on the integration of different languages of dance.<br \/>\nNuria Sala graduated in Psychotherapy at the Institute Humanist of Pscicoterapia in Barcelona (Spain), qualified as &#8220;Danza educatore&#8221;  (dance educator) at the First National Course, organized by Mousik\u00e9, D.A.M.S. (University of Bologna), together with the Ministry of Heritage and Culture. She has taught dance to students of all ages and backgrounds for over twenty five years. Since 2007 she has been a Professor of the Indian Dance-Theatre Bharatanatyam at the Conservatory of Music &#8220;A.Pedrollo&#8221; of Vicenza.[\/et_pb_text][\/et_pb_column][\/et_pb_row][\/et_pb_section][et_pb_section fb_built=&#8221;1&#8243; _builder_version=&#8221;4.16&#8243; _module_preset=&#8221;default&#8221; background_color=&#8221;#F4AE52&#8243; custom_margin=&#8221;||||false|false&#8221; custom_padding=&#8221;0px||0px||false|false&#8221; global_colors_info=&#8221;{}&#8221;][et_pb_row _builder_version=&#8221;4.16&#8243; _module_preset=&#8221;default&#8221; width=&#8221;100%&#8221; max_width=&#8221;90%&#8221; module_alignment=&#8221;center&#8221; custom_padding=&#8221;25px||0px||false|false&#8221; global_colors_info=&#8221;{}&#8221;][et_pb_column type=&#8221;4_4&#8243; _builder_version=&#8221;4.16&#8243; _module_preset=&#8221;default&#8221; global_colors_info=&#8221;{}&#8221;][et_pb_text _builder_version=&#8221;4.16&#8243; _module_preset=&#8221;default&#8221; text_font=&#8221;||on||||||&#8221; text_font_size=&#8221;18px&#8221; header_text_color=&#8221;#666666&#8243; header_font_size=&#8221;50px&#8221; custom_padding=&#8221;10px||||false|false&#8221; global_colors_info=&#8221;{}&#8221;]<\/p>\n<h1 style=\"text-align: center;\">&#8220;SOME OF MY MASTERS&#8221;<\/h1>\n<p>[\/et_pb_text][\/et_pb_column][\/et_pb_row][\/et_pb_section][et_pb_section fb_built=&#8221;1&#8243; module_class=&#8221;ds-carousel-row&#8221; _builder_version=&#8221;4.16&#8243; _module_preset=&#8221;default&#8221; background_color=&#8221;#f4ae52&#8243; custom_margin=&#8221;0px||0px||true|false&#8221; custom_padding=&#8221;0px||0px||true|false&#8221; global_colors_info=&#8221;{}&#8221;][et_pb_row _builder_version=&#8221;4.16&#8243; _module_preset=&#8221;default&#8221; width=&#8221;100%&#8221; max_width=&#8221;100%&#8221; custom_margin=&#8221;0px||||false|false&#8221; custom_padding=&#8221;0px||0px||false|false&#8221; global_colors_info=&#8221;{}&#8221;][et_pb_column type=&#8221;4_4&#8243; _builder_version=&#8221;4.16&#8243; _module_preset=&#8221;default&#8221; global_colors_info=&#8221;{}&#8221;][et_pb_image src=&#8221;https:\/\/serverbordoni.com\/nuria\/wp-content\/uploads\/2021\/03\/LEELA.png&#8221; title_text=&#8221;LEELA&#8221; show_in_lightbox=&#8221;on&#8221; module_class=&#8221;ds-carousel-module&#8221; _builder_version=&#8221;4.16&#8243; _module_preset=&#8221;default&#8221; global_colors_info=&#8221;{}&#8221;][\/et_pb_image][et_pb_image src=&#8221;https:\/\/serverbordoni.com\/nuria\/wp-content\/uploads\/2021\/04\/Krishnaveni-Lakshmanan_ok_2.png&#8221; title_text=&#8221;Krishnaveni Lakshmanan_ok_2&#8243; show_in_lightbox=&#8221;on&#8221; module_class=&#8221;ds-carousel-module&#8221; _builder_version=&#8221;4.16&#8243; _module_preset=&#8221;default&#8221; global_colors_info=&#8221;{}&#8221;][\/et_pb_image][et_pb_image src=&#8221;https:\/\/serverbordoni.com\/nuria\/wp-content\/uploads\/2021\/03\/Dominique-Dupuy1.png&#8221; title_text=&#8221;Dominique Dupuy1&#8243; show_in_lightbox=&#8221;on&#8221; module_class=&#8221;ds-carousel-module&#8221; _builder_version=&#8221;4.16&#8243; _module_preset=&#8221;default&#8221; global_colors_info=&#8221;{}&#8221;][\/et_pb_image][et_pb_image src=&#8221;https:\/\/serverbordoni.com\/nuria\/wp-content\/uploads\/2021\/04\/Kamala-Rani_ok.png&#8221; title_text=&#8221;Kamala Rani_ok&#8221; show_in_lightbox=&#8221;on&#8221; module_class=&#8221;ds-carousel-module&#8221; _builder_version=&#8221;4.16&#8243; _module_preset=&#8221;default&#8221; global_colors_info=&#8221;{}&#8221;][\/et_pb_image][et_pb_image src=&#8221;https:\/\/serverbordoni.com\/nuria\/wp-content\/uploads\/2021\/04\/C.K.-Balagopalan.png&#8221; title_text=&#8221;C.K. Balagopalan&#8221; show_in_lightbox=&#8221;on&#8221; module_class=&#8221;ds-carousel-module&#8221; _builder_version=&#8221;4.16&#8243; _module_preset=&#8221;default&#8221; global_colors_info=&#8221;{}&#8221;][\/et_pb_image][et_pb_image src=&#8221;https:\/\/serverbordoni.com\/nuria\/wp-content\/uploads\/2021\/04\/C.V.-Chandrasekhar_ok.png&#8221; title_text=&#8221;C.V. Chandrasekhar_ok&#8221; show_in_lightbox=&#8221;on&#8221; module_class=&#8221;ds-carousel-module&#8221; _builder_version=&#8221;4.16&#8243; _module_preset=&#8221;default&#8221; global_colors_info=&#8221;{}&#8221;][\/et_pb_image][et_pb_image src=&#8221;https:\/\/serverbordoni.com\/nuria\/wp-content\/uploads\/2021\/04\/Savitry-Nair-Ram-Gopal.png&#8221; title_text=&#8221;Savitry Nair &#038; Ram Gopal&#8221; show_in_lightbox=&#8221;on&#8221; module_class=&#8221;ds-carousel-module&#8221; _builder_version=&#8221;4.16&#8243; _module_preset=&#8221;default&#8221; global_colors_info=&#8221;{}&#8221;][\/et_pb_image][et_pb_image src=&#8221;https:\/\/serverbordoni.com\/nuria\/wp-content\/uploads\/2021\/04\/Krishnaveni-Lakshmanan_ok.png&#8221; title_text=&#8221;Krishnaveni Lakshmanan_ok&#8221; show_in_lightbox=&#8221;on&#8221; module_class=&#8221;ds-carousel-module&#8221; _builder_version=&#8221;4.16&#8243; _module_preset=&#8221;default&#8221; global_colors_info=&#8221;{}&#8221;][\/et_pb_image][\/et_pb_column][\/et_pb_row][\/et_pb_section][et_pb_section fb_built=&#8221;1&#8243; _builder_version=&#8221;4.16&#8243; _module_preset=&#8221;default&#8221; background_color=&#8221;#f4ae52&#8243; custom_padding=&#8221;0px||0px||true|false&#8221; global_colors_info=&#8221;{}&#8221;][et_pb_row column_structure=&#8221;1_2,1_2&#8243; module_id=&#8221;ds-arrow-row&#8221; _builder_version=&#8221;4.16&#8243; _module_preset=&#8221;default&#8221; custom_padding=&#8221;0px||10px||false|false&#8221; global_colors_info=&#8221;{}&#8221;][et_pb_column type=&#8221;1_2&#8243; _builder_version=&#8221;4.16&#8243; _module_preset=&#8221;default&#8221; global_colors_info=&#8221;{}&#8221;][et_pb_text _builder_version=&#8221;4.16&#8243; _module_preset=&#8221;default&#8221; text_font=&#8221;Elegant||||||||&#8221; global_colors_info=&#8221;{}&#8221;]<\/p>\n<p><input id=\"ds-arrow-left\" type=\"button\" value=\"8\" \/><\/p>\n<p>[\/et_pb_text][\/et_pb_column][et_pb_column type=&#8221;1_2&#8243; _builder_version=&#8221;4.16&#8243; _module_preset=&#8221;default&#8221; global_colors_info=&#8221;{}&#8221;][et_pb_text _builder_version=&#8221;4.16&#8243; _module_preset=&#8221;default&#8221; text_font=&#8221;Elegant||||||||&#8221; global_colors_info=&#8221;{}&#8221;]<input id=\"ds-arrow-right\" type=\"button\" value=\"9\">[\/et_pb_text][\/et_pb_column][\/et_pb_row][\/et_pb_section][et_pb_section fb_built=&#8221;1&#8243; _builder_version=&#8221;4.16&#8243; _module_preset=&#8221;default&#8221; background_color=&#8221;#FDF8E1&#8243; custom_padding=&#8221;0px||||false|false&#8221; global_colors_info=&#8221;{}&#8221;][et_pb_row column_structure=&#8221;1_2,1_2&#8243; use_custom_gutter=&#8221;on&#8221; gutter_width=&#8221;1&#8243; make_equal=&#8221;on&#8221; _builder_version=&#8221;4.16&#8243; _module_preset=&#8221;default&#8221; background_color=&#8221;#FDF8E1&#8243; width=&#8221;100%&#8221; max_width=&#8221;90%&#8221; module_alignment=&#8221;center&#8221; global_colors_info=&#8221;{}&#8221;][et_pb_column type=&#8221;1_2&#8243; _builder_version=&#8221;4.16&#8243; _module_preset=&#8221;default&#8221; custom_padding=&#8221;|15px|||false|false&#8221; border_width_right=&#8221;1px&#8221; global_colors_info=&#8221;{}&#8221;][et_pb_text _builder_version=&#8221;4.16&#8243; _module_preset=&#8221;default&#8221; text_font=&#8221;|300|||||||&#8221; text_font_size=&#8221;16px&#8221; text_orientation=&#8221;justified&#8221; custom_padding=&#8221;25px|25px|25px||false|false&#8221; global_colors_info=&#8221;{}&#8221;]<\/p>\n<p><strong>Theaters and Festivals<\/strong>:  Teatro Dal Verme, Milan, P.A.C. (Contemporary Art Pavilion), Milan, Teatro Nuovo, Verona, Teatro Rossini, Pesaro, Teatro Metropolitan, Catania, SUQ of Cultures Festival, Genoa Science Festival, Genoa, Kalamandir Theatre and Padatik Theatre, Kolkata (India), Kalachaya Hall, Poone (India), Shiva Temple &#8220;Marundishwera&#8221;, Chennai (India), International Festival of Music, Dartington (UK), Festival International de Sousse, Sidi Eddaher Theatre, Sousse (Tunisia), Houdetsi Festival, Crete (Greece), Casa Asia , Barcelona (Spain), Teather Egyetemi Sz\u00ecnpad, Budapest (Hungary), Theater Alm\u00e1ssy Teri Budapest (Hungary), Szabadid\u00f2kozpontban Theater at the University of Budapest, Festival &#8220;Songs of Distant Skies&#8221;, Venice (Italy), the &#8220;Festival of Ancient Music&#8221; Lago D &#8216;Orta (Italy), &#8220;Ethno Festival&#8221; in San Marino ,, International Festival of Sacred Music Festival in Pordenone ,, &#8220;Adda Danza&#8221; International Festival &#8220;E&#8217; Wind Sound&#8221; ,, Teatro S. Giorgio, Udine, Festival &#8220;the Sacred through the Ordinary&#8221; at Cloister S. Filippo, Turin, Teatro S. Fedele, Milan, Festival &#8220;for the Arreu tothom&#8221;, Cadaques (Spain) &#8230; and many other festivals and theaters in Europe and abroad.[\/et_pb_text][\/et_pb_column][et_pb_column type=&#8221;1_2&#8243; _builder_version=&#8221;4.16&#8243; _module_preset=&#8221;default&#8221; custom_padding=&#8221;|||15px|false|false&#8221; global_colors_info=&#8221;{}&#8221;][et_pb_text _builder_version=&#8221;4.16&#8243; _module_preset=&#8221;default&#8221; text_font=&#8221;|300|||||||&#8221; text_font_size=&#8221;16px&#8221; text_orientation=&#8221;justified&#8221; custom_padding=&#8221;25px||25px|25px|true|false&#8221; global_colors_info=&#8221;{}&#8221;]<\/p>\n<p><strong>Choreographic Creations<\/strong>: &#8220;Crossing&#8221;, &#8220;Angelos&#8221;, &#8220;With the Whispering of a Chant&#8221;, &#8220;Described Shouts&#8221;, &#8220;Dance of Mystic Love&#8221;, &#8220;The Unveiled Face&#8221;, \u201cThe Swallow\u201d,&#8221; Metamorphosis 300&#8243; , \u201cTraces Gurughata &#8220;, &#8221; Vasundhara &#8220;,&#8221; Let&#8217;s keep it for Later\u201d, &#8220;On the Way\u201d, \u201cMigration\u201d, \u201cThe Steps of Contagion\u201d, \u201cThe Shattered Minotaur\u201d, \u201cNavaRasa\u201d, &#8221; Shiva and Euterpe\u201d, &#8220;Music that dance with the song&#8221;,&#8221; Shiva-Shakti\u201d, \u201cAkasmik&#8221;&#8230;<\/p>\n<p>[\/et_pb_text][\/et_pb_column][\/et_pb_row][et_pb_row column_structure=&#8221;1_2,1_2&#8243; use_custom_gutter=&#8221;on&#8221; gutter_width=&#8221;1&#8243; make_equal=&#8221;on&#8221; _builder_version=&#8221;4.16&#8243; _module_preset=&#8221;default&#8221; background_color=&#8221;#FDF8E1&#8243; width=&#8221;100%&#8221; max_width=&#8221;90%&#8221; module_alignment=&#8221;center&#8221; global_colors_info=&#8221;{}&#8221;][et_pb_column type=&#8221;1_2&#8243; _builder_version=&#8221;4.16&#8243; _module_preset=&#8221;default&#8221; custom_padding=&#8221;|15px|||false|false&#8221; border_width_right=&#8221;1px&#8221; global_colors_info=&#8221;{}&#8221;][et_pb_text _builder_version=&#8221;4.16&#8243; _module_preset=&#8221;default&#8221; text_font=&#8221;|300|||||||&#8221; text_font_size=&#8221;16px&#8221; text_orientation=&#8221;justified&#8221; custom_padding=&#8221;25px|25px|25px||false|false&#8221; global_colors_info=&#8221;{}&#8221;]<\/p>\n<p><strong>Edite Publications<\/strong>:  in 2013 it was published with MC Editions &#8220;Continually Dance, Infinity in Body\u201d  by Nuria Sala  and Michela Bianchi. In 2011 the book &#8220;Beyond Dancing&#8221; by Dominique Dupuy, Ephemeria edition is published my essay: &#8220;The Ritual of the Dancer&#8221;. In 2011 &#8220;The Hand Care&#8221; by Patrizia Sanvitale, Marsilio Editori, in the book is published my article: \u201cHands in the Bharatanatyam,  Indian Theatre-Dance Classic.[\/et_pb_text][\/et_pb_column][et_pb_column type=&#8221;1_2&#8243; _builder_version=&#8221;4.16&#8243; _module_preset=&#8221;default&#8221; custom_padding=&#8221;|||15px|false|false&#8221; global_colors_info=&#8221;{}&#8221;][et_pb_text _builder_version=&#8221;4.16&#8243; _module_preset=&#8221;default&#8221; text_font=&#8221;|300|||||||&#8221; text_font_size=&#8221;16px&#8221; text_orientation=&#8221;justified&#8221; custom_padding=&#8221;25px||25px|25px|true|false&#8221; global_colors_info=&#8221;{}&#8221;]<\/p>\n<p><strong>Collaborations<\/strong>: Sandip Mallick, Amelia Cuni, Federico Sanesi, Madhuri Chattopadhyay, Brigitte Revelli, Chantal de Launay, Ghislaine de Montaudouin, Giulianna Di Benardo, Maresa Moglia, Stephen James, Gianni Ricchizzi, Savitry Jaganat Rao, Flavia Bucciero, Ujwal Mukund Bole, Cristina Negro, Fausta Squatriti, Neela Bhagwat, Augusto Modigliani, Mirella Costa, Paolino Dalla Porta, Marilia Albanese, Melina Mulas, Astad Deboo, Barbara Friedrich, Luca Scarzela, Carla Sanguineti, Vicenzo Zitello, Francesca Cassio, Germana Giannini, Patrizia Mattioli, Anjali Purohit\u2026[\/et_pb_text][\/et_pb_column][\/et_pb_row][\/et_pb_section][et_pb_section fb_built=&#8221;1&#8243; _builder_version=&#8221;4.16&#8243; _module_preset=&#8221;default&#8221; background_color=&#8221;#842E30&#8243; background_image=&#8221;https:\/\/serverbordoni.com\/nuria\/wp-content\/uploads\/2021\/01\/OHGCW91.jpg&#8221; custom_margin=&#8221;0px||||false|false&#8221; custom_padding=&#8221;0px||0px||true|false&#8221; global_colors_info=&#8221;{}&#8221;][et_pb_row column_structure=&#8221;1_3,1_3,1_3&#8243; use_custom_gutter=&#8221;on&#8221; gutter_width=&#8221;2&#8243; _builder_version=&#8221;4.16&#8243; _module_preset=&#8221;default&#8221; background_enable_color=&#8221;off&#8221; width=&#8221;100%&#8221; max_width=&#8221;90%&#8221; module_alignment=&#8221;center&#8221; custom_padding=&#8221;5px|25px|5px|25px|true|true&#8221; global_colors_info=&#8221;{}&#8221;][et_pb_column type=&#8221;1_3&#8243; _builder_version=&#8221;4.16&#8243; _module_preset=&#8221;default&#8221; background_image=&#8221;https:\/\/serverbordoni.com\/nuria\/wp-content\/uploads\/2021\/01\/OHGCW91.png&#8221; background_size=&#8221;contain&#8221; global_colors_info=&#8221;{}&#8221;][et_pb_button button_url=&#8221;https:\/\/serverbordoni.com\/nuria\/creazioni\/&#8221; url_new_window=&#8221;on&#8221; button_text=&#8221;CREATIONS&#8221; button_alignment=&#8221;center&#8221; _builder_version=&#8221;4.16&#8243; _module_preset=&#8221;default&#8221; custom_button=&#8221;on&#8221; button_text_color=&#8221;#FDF8E1&#8243; button_bg_color=&#8221;#842E30&#8243; button_border_color=&#8221;#FFFFFF&#8221; button_font=&#8221;Philosopher||||||||&#8221; button_use_icon=&#8221;off&#8221; custom_margin=&#8221;40%||48%||false|false&#8221; custom_css_main_element=&#8221;min-width: 250px;&#8221; global_colors_info=&#8221;{}&#8221; button_text_color__hover_enabled=&#8221;on|hover&#8221; button_text_color__hover=&#8221;#842E30&#8243; button_bg_color__hover_enabled=&#8221;on|hover&#8221; button_bg_color__hover=&#8221;#FDF8E1&#8243; button_bg_enable_color__hover=&#8221;on&#8221;][\/et_pb_button][\/et_pb_column][et_pb_column type=&#8221;1_3&#8243; _builder_version=&#8221;4.16&#8243; _module_preset=&#8221;default&#8221; background_image=&#8221;https:\/\/serverbordoni.com\/nuria\/wp-content\/uploads\/2021\/01\/OHGCW912.png&#8221; background_size=&#8221;contain&#8221; global_colors_info=&#8221;{}&#8221;][et_pb_button button_url=&#8221;https:\/\/serverbordoni.com\/nuria\/wp-content\/uploads\/2021\/02\/cv-eu-Nuria-_-aggiornato-2020-unito.pdf&#8221; url_new_window=&#8221;on&#8221; button_text=&#8221;CURRICULUM VITAE&#8221; button_alignment=&#8221;center&#8221; _builder_version=&#8221;4.16&#8243; _module_preset=&#8221;default&#8221; custom_button=&#8221;on&#8221; button_text_color=&#8221;#842E30&#8243; button_bg_color=&#8221;#FDF8E1&#8243; button_border_color=&#8221;#FFFFFF&#8221; button_font=&#8221;Philosopher||||||||&#8221; button_use_icon=&#8221;off&#8221; custom_margin=&#8221;40%||48%||false|false&#8221; custom_css_main_element=&#8221;min-width: 250px;&#8221; global_colors_info=&#8221;{}&#8221; button_text_color__hover_enabled=&#8221;on|hover&#8221; button_text_color__hover=&#8221;#FDF8E1&#8243; button_bg_color__hover_enabled=&#8221;on|hover&#8221; button_bg_color__hover=&#8221;#842E30&#8243; button_bg_enable_color__hover=&#8221;on&#8221;][\/et_pb_button][\/et_pb_column][et_pb_column type=&#8221;1_3&#8243; _builder_version=&#8221;4.16&#8243; _module_preset=&#8221;default&#8221; background_image=&#8221;https:\/\/serverbordoni.com\/nuria\/wp-content\/uploads\/2021\/03\/OHGCW91-924&#215;1024-al.png&#8221; background_size=&#8221;contain&#8221; global_colors_info=&#8221;{}&#8221;][et_pb_button button_url=&#8221;https:\/\/serverbordoni.com\/nuria\/libri\/&#8221; button_text=&#8221;BOOKS&#8221; button_alignment=&#8221;center&#8221; _builder_version=&#8221;4.16&#8243; _module_preset=&#8221;default&#8221; custom_button=&#8221;on&#8221; button_text_color=&#8221;#FDF8E1&#8243; button_bg_color=&#8221;#842E30&#8243; button_border_color=&#8221;#FFFFFF&#8221; button_font=&#8221;Philosopher||||||||&#8221; button_use_icon=&#8221;off&#8221; custom_margin=&#8221;40%||48%||false|false&#8221; custom_css_main_element=&#8221;min-width: 250px;&#8221; global_colors_info=&#8221;{}&#8221; button_text_color__hover_enabled=&#8221;on|hover&#8221; button_text_color__hover=&#8221;#842E30&#8243; button_bg_color__hover_enabled=&#8221;on|hover&#8221; button_bg_color__hover=&#8221;#FDF8E1&#8243; button_bg_enable_color__hover=&#8221;on&#8221;][\/et_pb_button][\/et_pb_column][\/et_pb_row][\/et_pb_section]<\/p>\n","protected":false},"excerpt":{"rendered":"<p>Dancer, choreographer and dance teacher; Nuria was born in Barcelona, Spain. She studied the modern dance techniques Graham and Limon in Lausanne, Switzerland and continued her training in classical and contemporary dance in France, Lyon and Paris. She worked with the dance company &#8220;Cecil P. Booth,&#8221; directed by Chantal De Launay. In 1988 she met [&hellip;]<\/p>\n","protected":false},"author":1,"featured_media":0,"parent":0,"menu_order":0,"comment_status":"closed","ping_status":"closed","template":"","meta":{"_et_pb_use_builder":"on","_et_pb_old_content":"","_et_gb_content_width":"","footnotes":""},"class_list":["post-1673","page","type-page","status-publish","hentry"],"_links":{"self":[{"href":"https:\/\/serverbordoni.com\/nuria\/wp-json\/wp\/v2\/pages\/1673","targetHints":{"allow":["GET"]}}],"collection":[{"href":"https:\/\/serverbordoni.com\/nuria\/wp-json\/wp\/v2\/pages"}],"about":[{"href":"https:\/\/serverbordoni.com\/nuria\/wp-json\/wp\/v2\/types\/page"}],"author":[{"embeddable":true,"href":"https:\/\/serverbordoni.com\/nuria\/wp-json\/wp\/v2\/users\/1"}],"replies":[{"embeddable":true,"href":"https:\/\/serverbordoni.com\/nuria\/wp-json\/wp\/v2\/comments?post=1673"}],"version-history":[{"count":9,"href":"https:\/\/serverbordoni.com\/nuria\/wp-json\/wp\/v2\/pages\/1673\/revisions"}],"predecessor-version":[{"id":2043,"href":"https:\/\/serverbordoni.com\/nuria\/wp-json\/wp\/v2\/pages\/1673\/revisions\/2043"}],"wp:attachment":[{"href":"https:\/\/serverbordoni.com\/nuria\/wp-json\/wp\/v2\/media?parent=1673"}],"curies":[{"name":"wp","href":"https:\/\/api.w.org\/{rel}","templated":true}]}}